uppose 5*o + 36 = 81. What is the highest common factor of c and o?
9
Let q(p) = -p**3 + 4*p**2 + 3*p - 8. Let i be q(-3). What is the greatest common factor of i and 115?
23
Let o(u) = u**3 - 2*u**2 - 2*u + 3. Let q(g) = -g**3 + 15*g**2 - 15*g + 14. Let a be q(14). Let v be o(a). What is the greatest common divisor of v and 5?
1
Suppose -146*i + 153*i = 56. Suppose 2*u + m + 2*m = 60, 4*u - 5*m - 76 = 0. What is the highest common factor of i and u?
8
Suppose -3*x - 3*j = 0, 5*x = 3*x + j + 9. Let q be 1/x + 32/(-6). Let t be q/((-30)/(-9))*-50. What is the greatest common factor of t and 15?
15
Let i be (32/12)/(-4)*-87. Suppose 3*l - 3*n + 270 = l, 5*l + 666 = 3*n. Let m = -45 - l. What is the greatest common divisor of i and m?
29
Let z be (-2)/2*-5 - 3. Suppose -z*o - 3*v = 0, 2*v + 7 = -o - 3*v. Suppose -8*s + 3*s + 15 = 0. Calculate the greatest common factor of o and s.
3
Let y = -227 - -240. Let f(w) = w**3 + 6*w**2 - w + 7. Let k be f(-6). What is the highest common divisor of y and k?
13
Let n be 54/(-1 + -1) - 0. Let z be (-33)/27 + (-6)/n. Let l = z - -5. What is the highest common divisor of l and 36?
4
Let w = 8 + 58. Suppose -w = -n - n. Calculate the greatest common factor of 363 and n.
33
Let i = 0 - -12. What is the greatest common divisor of i and 108?
12
Let f be ((-890)/30 - -3)*-72. What is the highest common divisor of 256 and f?
128
Let a(v) = 5*v - 2. Let m be a(2). Suppose -60*d + 448 = -53*d. What is the highest common factor of m and d?
8
Let p be (105 + -1)/(1/((-23)/(-2))). Calculate the greatest common divisor of 104 and p.
52
Let v(z) = 50 + z**2 - 2*z + 16*z - 2*z**2 - 6*z. Let c be v(12). What is the greatest common factor of c and 6?
2
Let k = -3 + 3. Let q be 2 + 4 + k + -3. Suppose u - 48 = -q*u. Calculate the highest common factor of u and 6.
6
Let h(j) = -j**3 + 2*j**2 - 5*j + 4. Let l be h(1). Suppose l = 15*f - 8*f - 273. Calculate the highest common factor of f and 273.
39
Let z be (42/(-49))/(1 - (-64)/(-63)). Suppose y - z = -2*y. Calculate the greatest common divisor of y and 72.
18
Let f(a) = -102*a + 1. Let u be f(1). Let t be u/(-9) - 8/36. Suppose -2*x = -t + 3. What is the highest common factor of 36 and x?
4
Let s = 0 + 28. Let l = 4 + s. What is the highest common divisor of l and 8?
8
Let q be (54/(-24))/(19/20 - 1). What is the highest common factor of 450 and q?
45
Let n(m) = 9*m + 14. Let b be n(-9). Let o be 3/(-6) + b/(-2). What is the greatest common divisor of o and 231?
33
Suppose -o + 5 - 1 = 0. Let k be (2/(2 + 2))/(11/22). Calculate the highest common divisor of o and k.
1
Suppose -63*q = -58*q - 2940. What is the greatest common factor of q and 168?
84
Let j = 1024 + -718. Calculate the highest common factor of 34 and j.
34
Suppose 2*h - 3 = -p, -4*p - 12 = -h - 3*h. Suppose h*w - 34 = -10. Let c = 103 + -7. What is the greatest common factor of c and w?
12
Let b be 2870/45 + (-4)/(-18). Suppose 2*o = -5*d + b, 4*d = d - 5*o + 27. What is the highest common divisor of 35 and d?
7
Let c be 4/8*-2*(3 - 13). Calculate the highest common divisor of 350 and c.
10
Suppose 0 = -17*r + 15*r + 24. Suppose -3*q = -10 - 8. What is the greatest common divisor of r and q?
6
Suppose 6*f = 14*f - 512. Calculate the greatest common divisor of f and 144.
16
Let h be 1/(-5) + (-33)/(-15). Suppose 4*c + 10 - 54 = -4*f, -c + h*f = -5. Let x(u) = 2*u + 7. Let d be x(1). What is the highest common factor of d and c?
9
Suppose -c + 79 + 14 = 3*f, -5*f + 515 = 5*c. Let r(i) = i**2 - 7*i - 6. Let l be r(13). Calculate the highest common factor of c and l.
36
Let a = -388 + 436. Calculate the highest common factor of 6 and a.
6
Let n be 2/16 + (-71)/(-8). Suppose -8*c - 1620 = -20*c. What is the greatest common factor of c and n?
9
Suppose -27*n + 368 = -0*n - 199. Suppose 4*g - 5 = -5*m + 12, 3*g - 4*m = 5. Calculate the highest common divisor of n and g.
3
Let u(z) = -12*z**2 + 61*z + 3. Let c be u(5). Calculate the greatest common divisor of c and 176.
8
Suppose 0 = 11*x - 6*x - 3*w - 187, -5*x - 5*w = -155. Calculate the highest common factor of x and 21.
7
Suppose 910 = 11*f + 15*f. Calculate the greatest common divisor of 20 and f.
5
Let w be 7 + (5 - (-2 + 9)). Calculate the highest common divisor of w and 85.
5
Let j(l) = l**3 + 6*l**2 + 3*l - 1. Let b be j(-4). Suppose -b = 3*h + 8. Let i be -183*6/h + 4. Calculate the greatest common divisor of 18 and i.
18
Suppose 15*t = 20*t - 20, 0 = 3*y + t - 616. What is the greatest common factor of 459 and y?
51
Let n = 24 - -66. Suppose n = 2*l + l + 4*o, 60 = 2*l - o. What is the greatest common factor of l and 10?
10
Let m be (-2)/(-5) + 136/10. Let l(c) = c**3 + 7*c**2 + 3*c + 1. Let q be l(-6). Let n = q + 16. Calculate the highest common divisor of n and m.
7
Let o(t) = 4*t**2 - 82. Let m be o(12). Calculate the greatest common factor of 208 and m.
26
Let g = 5 + -11. Let b be 70/21*g/(-5). Suppose 0 = -b*u + 22 + 26. Calculate the highest common factor of 8 and u.
4
Let i be 772 - (-2)/((-12)/(-42)). Calculate the highest common divisor of 41 and i.
41
Let z = -91 + 112. Calculate the greatest common factor of z and 357.
21
Let c = 2352 - 2022. Calculate the highest common factor of 30 and c.
30
Let g(y) = 3*y**2 - 3*y + 9. Let i be g(7). Let c = -58 + i. Calculate the greatest common factor of 7 and c.
7
Suppose -2 = 3*s + 7. Let y be (14/s)/((-6)/27). Suppose 2*v - 5*v + y = -3*p, 23 = 5*v - 2*p. What is the greatest common factor of v and 3?
3
Suppose v + 15 = 37. Let p(j) be the second derivative of -5*j**3/6 - 4*j**2 + 20*j. Let y be p(-6). Calculate the greatest common factor of y and v.
22
Let s(q) = -q + 7. Let v be s(-9). Suppose 0 = d - 4*d + 2*g + 1, g = 2*d - 1. Let j be (d + (-27)/15)*-180. What is the greatest common divisor of j and v?
16
Suppose 3*z = 3*m - 255, 2*m + 3*z + z - 140 = 0. What is the highest common divisor of m and 440?
40
Let j be (-986)/(-22) - 2/(-11). Let v = 176 - 161. What is the highest common divisor of j and v?
15
Let l be (48 + 0)*(-4)/6. Let o be 8/l + (-242)/(-8). Calculate the highest common divisor of o and 75.
15
Let z(w) = w**2 - 3*w - 3. Let j be z(4). Let h be (-2 - -25) + j + -2. Let p be 9/(10/990*27). Calculate the greatest common factor of p and h.
11
Let q(m) = 41*m - 12. Let w = -20 + 26. Let s be q(w). What is the highest common factor of 26 and s?
26
Let l(v) = 30*v. Let i be l(1). Suppose -2*c - 5*a = -80 + i, -5*c = 2*a - 104. Calculate the highest common factor of c and 60.
20
Suppose 0 = -a + 4*c + 27, -4*a + 2*c + 81 + 69 = 0. Let z = 40 - a. What is the greatest common divisor of z and 3?
1
Let y = 45 - 34. Let g be 4/2*(0 + y/2). Suppose 25 + 52 = r. What is the highest common factor of g and r?
11
Let q = 30 - 2. Suppose -19*c + 434 + 616 = 6*c. What is the greatest common factor of q and c?
14
Suppose -5*s + 3*r + 115 = 0, 5*s - 78 = 5*r + 47. Let o be (-2 - 0)/(-2) - -259. What is the greatest common factor of s and o?
20
Let o = -21 - -50. Suppose 0 = -13*n - 21 - 57. Let w be 203/n*2*-3. What is the highest common divisor of w and o?
29
Let a(n) = 2*n**2 + 5*n. Let k be a(-6). Suppose k = -7*c + 10*c. Calculate the highest common factor of c and 56.
14
Suppose 8*d + 6 = 11*d. Suppose -5*m = z + 23, -d*z + 2*m + 8 = -3*z. Let j be (z/4)/(3/54). What is the highest common factor of 72 and j?
9
Let c(z) be the third derivative of z**4/2 - 7*z**3/6 - 15*z**2. Let g be c(6). Calculate the highest common factor of 5 and g.
5
Suppose -291*t - 13 = -292*t + j, t = -j + 17. Let h = 186 + -21. Calculate the greatest common divisor of h and t.
15
Let l = 9 + 11. What is the highest common factor of 330 and l?
10
Suppose -5*i + 6*i = -4*y + 115, -3*y = 2*i - 255. Calculate the greatest common factor of 15 and i.
15
Let y be 3/((-60)/16)*-40. Let l(o) = o + 2. Let p be l(2). Calculate the greatest common factor of p and y.
4
Suppose 0 = 2*u + 3*u - 5. Let o be -2*u/7 + 290/35. What is the greatest common factor of o and 32?
8
Let q = -578 - -586. Calculate the highest common divisor of 8 and q.
8
Suppose -2*a + a + 1 = 0. Let y = 8 - 5. Let s be y/(3/17) - a. What is the greatest common divisor of 2 and s?
2
Suppose 4*l = -2*f - 0*f + 332, -3*l + 259 = 4*f. What is the highest common fac